
96
What is the greatest common factor of 1809 and 1005?
201
Calculate the greatest common divisor of 105 and 30.
15
What is the greatest common divisor of 114 and 646?
38
Calculate the highest common divisor of 295 and 236.
59
Calculate the highest common divisor of 160 and 1040.
80
What is the highest common divisor of 136 and 119?
17
What is the highest common factor of 132 and 1572?
12
Calculate the greatest common divisor of 130 and 2080.
130
What is the highest common divisor of 600 and 30?
30
What is the highest common divisor of 7516 and 8?
4
What is the greatest common factor of 576 and 128?
64
Calculate the highest common divisor of 195 and 30.
15
Calculate the greatest common factor of 5 and 805.
5
Calculate the highest common factor of 895 and 10919.
179
Calculate the greatest common divisor of 32 and 12.
4
What is the highest common factor of 1674 and 72?
18
Calculate the highest common factor of 23 and 736.
23
What is the highest common factor of 12 and 72?
12
What is the greatest common divisor of 9 and 12?
3
What is the greatest common divisor of 10 and 905?
5
What is the highest common factor of 355 and 10?
5
What is the greatest common factor of 67 and 737?
67
Calculate the highest common divisor of 2356 and 76.
76
What is the greatest common divisor of 30 and 12?
6
What is the greatest common divisor of 16 and 2628?
4
Calculate the greatest common divisor of 4 and 28.
4
What is the highest common divisor of 81 and 387?
9
What is the greatest common divisor of 104 and 39?
13
What is the highest common factor of 425 and 595?
85
What is the highest common divisor of 2232 and 18?
18
What is the highest common factor of 688 and 10836?
172
Calculate the greatest common factor of 119 and 34.
17
Calculate the highest common factor of 170 and 350.
10
Calculate the greatest common factor of 1617 and 1419.
33
Calculate the highest common factor of 56 and 88.
8
What is the greatest common divisor of 501 and 6?
3
Calculate the greatest common divisor of 639 and 72.
9
What is the greatest common factor of 2829 and 207?
69
Calculate the highest common divisor of 8 and 40.
8
Calculate the greatest common divisor of 20 and 20480.
20
What is the greatest common factor of 552 and 56?
8
What is the highest common factor of 188 and 5452?
188
Calculate the greatest common factor of 6 and 51.
3
What is the greatest common factor of 2275 and 700?
175
Calculate the greatest common divisor of 14 and 602.
14
Calculate the highest common divisor of 26 and 3302.
26
What is the highest common factor of 255 and 4250?
85
Calculate the highest common divisor of 14 and 8666.
14
What is the highest common divisor of 5 and 1405?
5
Calculate the greatest common divisor of 120 and 920.
40
What is the highest common factor of 14 and 27902?
14
Calculate the greatest common factor of 36 and 612.
36
Calculate the highest common divisor of 6097 and 7.
7
What is the greatest common factor of 21235 and 155?
155
What is the highest common divisor of 39 and 26?
13
Calculate the greatest common factor of 63 and 5649.
21
Calculate the highest common divisor of 195 and 15.
15
What is the greatest common divisor of 73 and 657?
73
What is the greatest common factor of 14 and 10?
2
What is the highest common divisor of 43080 and 120?
120
What is the highest common divisor of 60 and 3645?
15
Calculate the greatest common divisor of 578 and 34.
34
What is the greatest common factor of 253 and 46?
23
What is the greatest common factor of 248 and 558?
62
What is the highest common factor of 731 and 172?
43
What is the highest common factor of 11380 and 20?
20
What is the greatest common divisor of 1602 and 712?
178
Calculate the greatest common divisor of 423 and 14946.
141
Calculate the greatest common factor of 1836 and 18.
18
Calculate the highest common factor of 100 and 25.
25
What is the greatest common divisor of 112 and 752?
16
What is the greatest common factor of 12 and 116?
4
What is the greatest common divisor of 12 and 267?
3
Calculate the greatest common divisor of 837 and 62.
31
What is the greatest common factor of 7777 and 77?
77
What is the highest common factor of 150 and 550?
50
What is the greatest common factor of 737 and 1273?
67
Calculate the greatest common factor of 1358 and 970.
194
What is the highest common divisor of 1586 and 976?
122
What is the greatest common divisor of 52 and 858?
26
What is the greatest common factor of 7740 and 43?
43
What is the highest common divisor of 480 and 180?
60
What is the greatest common factor of 361 and 1691?
19
Calculate the highest common factor of 152 and 7258.
38
What is the highest common factor of 126 and 9786?
42
What is the highest common factor of 69937 and 103?
103
What is the highest common divisor of 117 and 871?
13
What is the greatest common factor of 174 and 6148?
58
Calculate the greatest common factor of 80 and 32.
16
What is the highest common divisor of 3 and 459?
3
What is the greatest common divisor of 142 and 426?
142
What is the greatest common factor of 2093 and 575?
23
What is the greatest common divisor of 224 and 21?
7
What is the greatest common divisor of 378 and 70?
14
What is the highest common divisor of 512 and 832?
64
Calculate the highest common divisor of 350 and 56.
14
What is the highest common factor of 29 and 10353?
29
What is the greatest common factor of 20 and 44?
4
What is the greatest common factor of 124 and 403?
31
What is the highest common divisor of 33 and 341?
11
Calculate the highest common divisor of 396 and 17292.
132
Calculate the highest common divisor of 949 and 73.
73
What is the greatest common divisor of 170 and 50?
10
Calculate the greatest common divisor of 28 and 154.
14
Calculate the highest common divisor of 38 and 1102.
38
Calculate the greatest common factor of 7130 and 575.
115
Calculate the greatest common factor of 511 and 657.
73
What is the highest common divisor of 351 and 27?
27
Calculate the highest common factor of 4 and 436.
4
What is the greatest common divisor of 3979 and 23?
23
Calculate the greatest common factor of 231 and 35.
7
What is the greatest common divisor of 29096 and 8?
8
What is the greatest common factor of 1600 and 25?
25
What is the greatest common factor of 1498 and 378?
14
Calculate the greatest common divisor of 7501 and 39.
13
What is the highest common factor of 76 and 228?
76
What is the greatest common divisor of 50 and 2350?
50
Calculate the highest common factor of 418 and 1166.
22
What is the highest common factor of 140 and 1460?
20
Calculate the highest common factor of 23331 and 21.
21
Calculate the highest common factor of 344 and 258.
86
Calculate the highest common factor of 160 and 32.
32
Calculate the highest common divisor of 4706 and 26.
26
What is the highest common divisor of 45 and 1305?
45
Calculate the greatest common divisor of 549 and 9.
9
What is the greatest common divisor of 77 and 3234?
77
Calculate the greatest common divisor of 527 and 119.
17
What is the greatest common divisor of 322 and 552?
46
Calculate the highest common divisor of 357 and 21.
21
What is the greatest common divisor of 232 and 64?
8
Calculate the greatest common divisor of 436 and 21146.
218
Calculate the highest common factor of 950 and 3610.
190
Calculate the greatest common factor of 6570 and 54.
18
Calculate the highest common factor of 3744 and 117.
117
Calculate the greatest common factor of 63 and 133.
7
What is the highest common factor of 176 and 1496?
88
Calculate the highest common divisor of 782 and 68.
34
What is the highest common divisor of 1377 and 119?
17
What is the highest common factor of 1 and 83?
1
Calculate the highest common factor of 76 and 5453.
19
What is the greatest common factor of 5159 and 77?
77
Calculate the highest common factor of 652 and 27058.
326
Calculate the highest common divisor of 497 and 1136.
71
What is the greatest common divisor of 178 and 2?
2
Calculate the highest common factor of 333 and 2.
1
Calculate the greatest common factor of 2222 and 11.
11
Calculate the greatest common factor of 477 and 3180.
159
Calculate the highest common factor of 363 and 759.
33
Calculate the highest common divisor of 486 and 9.
9
What is the highest common divisor of 79 and 869?
79
Ca